?
206
Let r(d) = -d**2 - 24*d + 98. Give r(0).
98
Let m(g) = 3*g**2 - 38*g - 613. What is m(22)?
3
Let z(r) = -82*r + 961. What is z(12)?
-23
Let n(x) = x**2 + 86*x + 566. Calculate n(-79).
13
Let t(a) = a**3 + 6*a**2 - 59*a + 169. What is t(-12)?
13
Let d(q) = q**2 + 154*q + 2334. Calculate d(-17).
5
Let o(l) = -97*l - 4769. Give o(-49).
-16
Let z(t) = 4*t + 88. What is z(6)?
112
Let k(x) = 949*x + 7595. Give k(-8).
3
Let n(o) = -o**3 + 10*o**2 - 6*o + 22. What is n(8)?
102
Let m(a) = a**3 - 2*a**2 + 4*a - 12. Calculate m(4).
36
Let c(h) = -h**3 + 13*h**2 - 32*h + 245. Determine c(12).
5
Let q(f) = 2*f**3 - 32*f**2 + 112*f - 24. Calculate q(11).
-2
Let b(v) = -v**3 - 9*v**2 + 15*v + 97. Determine b(-4).
-43
Let i(s) = 43*s**3 - s**2 - 561*s - 560. Give i(-1).
-43
Let j(w) = 4*w**2 - 18*w + 34. Calculate j(6).
70
Let a(v) = 101*v + 187. Calculate a(-2).
-15
Let w(s) = -s**3 - 63*s**2 - 181*s - 56. What is w(-60)?
4
Let d(z) = -53*z - 20. Determine d(-2).
86
Let u(k) = 4*k - 468. Give u(118).
4
Let p(z) = z**3 + 26*z**2 + 27*z - 10. Give p(-25).
-60
Let u(a) = -5*a**3 - 53*a**2 - 133*a - 7. What is u(-3)?
50
Let a(t) = -17*t - 92. Calculate a(-12).
112
Let c(j) = -5*j**2 - 1134*j + 2271. Calculate c(2).
-17
Let u(p) = p**2 - 49*p - 923. Give u(64).
37
Let y(o) = o**2 - 70*o - 3138. What is y(-31)?
-7
Let j(z) = z**3 - 57*z**2 + 162*z - 63. Determine j(54).
-63
Let o(i) = i**3 + 48*i**2 + 96*i + 164. Calculate o(-46).
-20
Let y(x) = -2*x**3 - 26*x**2 - 5*x + 66. Give y(-10).
-484
Let k(i) = -2*i**2 - 782*i + 6379. Calculate k(8).
-5
Let q(x) = x**2 + 935*x + 2802. Determine q(-3).
6
Let l(y) = -3*y**2 - 49*y - 84. What is l(-14)?
14
Let l(h) = -299*h - 894. Give l(-3).
3
Let v(y) = -1509*y + 34706. Determine v(23).
-1
Let s(h) = -34*h**2 - 140*h + 576. Determine s(4).
-528
Let a(t) = -t**3 + 64*t**2 + 69*t + 144. Give a(65).
404
Let n(x) = x**2 + 23*x + 62. What is n(-3)?
2
Let j(u) = 11*u - 413. Determine j(30).
-83
Let p(b) = -10*b**2 - 43*b - 24. What is p(-4)?
-12
Let y(t) = -31*t**2 - 160*t - 15. Give y(-4).
129
Let i(k) = -50*k**3 - 3*k**2 + 57*k + 56. What is i(-1)?
46
Let z(r) = r**3 - 13*r**2 + 17*r - 9. Give z(12).
51
Let f(n) = -385*n - 4181. Determine f(-11).
54
Let r(b) = -b**3 - 4*b**2 + 18*b + 120. Determine r(-7).
141
Let i(s) = -s**3 + 82*s**2 - 81*s + 12. What is i(81)?
12
Let y(j) = 1321*j - 5377. Give y(4).
-93
Let c(y) = -y**3 - 54*y**2 - 129*y - 1288. Give c(-52).
12
Let z(t) = -34*t - 12. What is z(2)?
-80
Let b(c) = 50*c - 407. Determine b(7).
-57
Let b(f) = 2*f**2 - 66*f + 468. Determine b(12).
-36
Let w(a) = 58*a**2 + 409*a + 15. Determine w(-7).
-6
Let v(x) = -4*x**3 - 70*x**2 + 54*x + 340. Give v(-18).
16
Let b(c) = 342*c + 683. Calculate b(-2).
-1
Let r(t) = 17*t**2 - 1407*t + 1077. What is r(82)?
11
Let m(t) = 469*t + 1413. Determine m(-3).
6
Let f(w) = 2*w**3 + 18*w**2 - 4*w - 21. What is f(-9)?
15
Let a(q) = 42*q**2 + 220*q - 177. What is a(-6)?
15
Let l(u) = -7*u**2 - 15*u + 61. Give l(-6).
-101
Let r(a) = -3*a**3 - 272*a**2 + 90*a - 79. What is r(-91)?
12
Let x(f) = -f**3 - 15*f**2 - 28*f - 30. Determine x(-13).
-4
Let z(b) = 6*b**2 + 85*b - 81. What is z(-15)?
-6
Let a(v) = -v**3 + 7*v**2 + 254*v - 2193. What is a(14)?
-9
Let b(p) = 15*p**2 + 17*p + 1. What is b(2)?
95
Let a(d) = d**3 - 187*d**2 + 193*d - 1297. Determine a(186).
5
Let x(z) = 54*z + 161. Determine x(-3).
-1
Let x(o) = 12*o - 255. Give x(47).
309
Let a(n) = -138*n + 5927. Give a(43).
-7
Let g(m) = -35*m + 286. Give g(11).
-99
Let a(j) = 11*j**3 - j**2 - 3*j. What is a(3)?
279
Let n(w) = w**3 + 9*w**2 - 27*w + 18. Calculate n(-8).
298
Let m(i) = -5*i**2 - 43*i - 28. Determine m(-9).
-46
Let r(a) = -5*a**3 - 6*a**2 + 4*a + 17. Determine r(-2).
25
Let p(v) = -236*v - 239. Give p(0).
-239
Let i(x) = -x**3 + 24*x**2 - 211*x + 4333. Give i(23).
9
Let s(l) = -17*l**2 + 79*l - 293. Calculate s(4).
-249
Let u(f) = 3*f**3 - 11*f**2 + 79*f - 329. Give u(4).
3
Let z(u) = -u**3 + 17*u**2 + 12*u + 153. What is z(17)?
357
Let x(f) = 3*f**2 - 3*f - 17. Calculate x(4).
19
Let k(v) = -v**2 + 8*v + 6. Give k(8).
6
Let o(w) = 5*w**2 + 156*w - 170. Calculate o(-32).
-42
Let c(i) = -5*i**2 + 133*i - 217. Determine c(25).
-17
Let n(w) = 53*w + 5210. Determine n(-94).
228
Let i(z) = 34*z + 176. What is i(-5)?
6
Let f(q) = -44*q - 2725. Give f(-68).
267
Let c(w) = 55*w**3 - 112*w**2 - 5. What is c(2)?
-13
Let d(a) = a**2 + 128*a - 520. Give d(4).
8
Let y(z) = -158*z**3 - 142*z**2 + 136*z + 7. Determine y(1).
-157
Let x(p) = -4*p**2 - 20*p + 19. What is x(2)?
-37
Let l(o) = 244*o**3 - 2*o**2 - o. Give l(-1).
-245
Let d(g) = 37*g**2 + 97*g - 36. Give d(-3).
6
Let j(k) = -16*k - 821. What is j(-51)?
-5
Let v(n) = 39*n - 198. Give v(3).
-81
Let w(b) = -b**3 + 50*b**2 + 113*b + 7. What is w(-2)?
-11
Let t(k) = -k**3 + 2*k**2 - 46*k + 18. Calculate t(0).
18
Let j(l) = -2*l**2 + 3*l - 27. Determine j(6).
-81
Let g(x) = 38*x - 184. Calculate g(6).
44
Let t(f) = -255*f + 4801. Calculate t(19).
-44
Let k(s) = -s**3 - 8*s**2 + 15*s - 4. Give k(-9).
-58
Let k(q) = 643*q - 7730. Determine k(12).
-14
Let d(i) = 4*i + 493. Give d(-51).
289
Let h(d) = 51*d + 139. What is h(-3)?
-14
Let c(u) = -46*u**2 - 44*u + 11. What is c(-3)?
-271
Let z(f) = f**2 - 126*f + 3718. What is z(47)?
5
Let b(w) = 30*w**2 + 2076*w + 417. What is b(-69)?
3
Let s(z) = z**2 + 161*z - 913. Determine s(6).
89
Let q(h) = -887*h + 1773. Determine q(2).
-1
Let l(c) = 5*c**2 + 151*c - 494. What is l(3)?
4
Let q(m) = -106*m - 827. Give q(-10).
233
Let i(x) = -x**2 - 19*x + 288. What is i(-29)?
-2
Let k(b) = -4*b**2 - 454*b + 1172. Determine k(-116).
12
Let g(z) = -146*z + 1263. Calculate g(11).
-343
Let x(y) = 2*y**3 - 4*y**2 - 29*y + 1. What is x(0)?
1
Let c(w) = 78*w + 3673. Give c(-47).
7
Let s(v) = -v**3 - 35*v**2 + 5*v + 184. Calculate s(-35).
9
Let t(x) = 36*x - 3785. Give t(108).
103
Let f(r) = -r**3 - 48*r**2 - 4*r - 161. Calculate f(-48).
31
Let x(u) = u**2 + 104*u + 2594. Calculate x(-63).
11
Let r(l) = 14*l**2 + 6*l - 19. Determine r(0).
-19
Let d(o) = -15*o**2 - 67*o - 15. What is d(-5)?
-55
Let x(g) = g**2 - 83*g - 6108. Calculate x(-47).
2
Let s(h) = -37*h + 102. Determine s(3).
-9
Let d(p) = 115*p + 10683. Give d(-93).
-12
Let i(r) = -3*r**3 - 458*r**2 + 149*r - 613. Determine i(-153).
-1
Let l(q) = 6*q**2 - 95*q - 1143. Determine l(-8).
1
Let l(h) = -11*h - 789. Give l(-72).
3
Let v(y) = -48*y + 6185. Give v(129).
-7
Let r(b) = b**2 - 544*b - 2179. What is r(-4)?
13
Let l(k) = 3*k**3 + 24*k**2 - 3*k - 1. Determine l(-2).
77
Let o(b) = 3260*b - 42380. What is o(13)?
0
Let l(k) = k**2 + 302*k - 896. Give l(3).
19
Let x(r) = -r**3 + 74*r**2 - 578*r - 458. Give x(65).
-3
Let l(k) = 3*k**2 + 69*k + 245. Calculate l(-19).
17
Let w(i) = -168*i + 9735. What is w(58)?
-9
Let d(c) = c**3 + 18*c**2 + 7*c + 20. Determine d(-20).
-920
Let z(d) = 3*d**2 - 40*d - 355. Calculate z(-6).
-7
Let x(p) = 3*p**3 + 75*p**2 - 10*p - 250. Calculate x(-25).
0
Let n(y) = -y**2 - 8*y - 30. Give n(-12).
-78
Let n(l) = 132*l - 1684. Calculate n(14).
164
Let p(x) = -17*x**2 - 54*x + 52. Determine p(-4).
-4
Let u(z) = -z**3 - 104*z**2 - 194*z + 1033. Give u(-102).
13
Let i(l) = 661*l + 3009. Determine i(-5).
-296
Let n(b) = -2*b**2 + 78*b + 624. Give n(-7).
-20
Let r(n) = -33*n**2 - 224*n + 313. Calculate r(-8).
-7
Let d(h) = -4*h**2 + 13*h + 36. Give d(7).
-69
Let u(j) = -68*j + 18. What is u(1)?
-50
Let l(p) = 3*p**2 - 23*p + 135. Give l(11).
245
Let r(w) = -w**3 + 41*w**2 + 44*w - 54. What is r(42)?
30
Let n(c) = 335*c**2 - 16415*c - 2. What is n(49)?
-2
Let t(p) = 5*p**2 - 47. Give t(4).
33
Let j(w) = -13*w**2 + 147*w + 114. Calculate j(12).
6
Let x(d) = d**3 - 47*d**2 - 124*d - 1303. Give x(50).
-3
Let v(z) = 4*z**2 - 7*z + 51. Determine v(6).
153
Let j(q) = -q**3 + 29*q**2 - 53*q - 23. Give j(27).
4
Let b(r) = 19*r - 452. Give b(24).
4
Let o(b) = 5*b**2 + 7*b + 25. Determine o(-3).
49
Let x(u) = 2*u**2 - 107*u - 64. Determine x(54).
-10
Let k(n) = n**3 + 63*n**2 + 74*n + 747. What is k(-62)?
3
Let c(b) = -4*b**2 - 172*b - 1554. Determine c(-12).
-66
Let b(a) = 3*a**2 + 90*a + 147. What is b(-29)?
60
Let x(z) = -928*z**2 - 6*z + 4. What is x(-1)?
-918
Let c(j) = 2*j**2 - 122*j + 1316. Calculate c(47).
0
Let y(l) = -l**2 + 1